11815?
5, 17, 139
What are the prime factors of 3813?
3, 31, 41
List the prime factors of 28879.
28879
What are the prime factors of 1772?
2, 443
List the prime factors of 2108.
2, 17, 31
What are the prime factors of 636?
2, 3, 53
List the prime factors of 79392.
2, 3, 827
List the prime factors of 730.
2, 5, 73
What are the prime factors of 16687?
11, 37, 41
What are the prime factors of 18758?
2, 83, 113
List the prime factors of 180143.
151, 1193
What are the prime factors of 4701?
3, 1567
List the prime factors of 4629.
3, 1543
What are the prime factors of 2869?
19, 151
List the prime factors of 12187.
7, 1741
What are the prime factors of 50698?
2, 25349
List the prime factors of 1970.
2, 5, 197
List the prime factors of 1844.
2, 461
List the prime factors of 41.
41
What are the prime factors of 202?
2, 101
List the prime factors of 775.
5, 31
What are the prime factors of 19404?
2, 3, 7, 11
What are the prime factors of 19250?
2, 5, 7, 11
What are the prime factors of 9517?
31, 307
List the prime factors of 9180.
2, 3, 5, 17
List the prime factors of 800.
2, 5
What are the prime factors of 470?
2, 5, 47
List the prime factors of 991.
991
What are the prime factors of 32495?
5, 67, 97
What are the prime factors of 46198?
2, 23099
What are the prime factors of 4572?
2, 3, 127
What are the prime factors of 9887?
9887
What are the prime factors of 15086?
2, 19, 397
What are the prime factors of 6566?
2, 7, 67
List the prime factors of 72760.
2, 5, 17, 107
List the prime factors of 29.
29
What are the prime factors of 522?
2, 3, 29
What are the prime factors of 21355?
5, 4271
What are the prime factors of 13532?
2, 17, 199
What are the prime factors of 67185?
3, 5, 1493
What are the prime factors of 9498?
2, 3, 1583
What are the prime factors of 451?
11, 41
List the prime factors of 2945.
5, 19, 31
List the prime factors of 4523.
4523
List the prime factors of 3283.
7, 67
What are the prime factors of 1683?
3, 11, 17
List the prime factors of 100159.
37, 2707
List the prime factors of 20223.
3, 7, 107
List the prime factors of 8855.
5, 7, 11, 23
What are the prime factors of 769?
769
List the prime factors of 1258.
2, 17, 37
What are the prime factors of 3400?
2, 5, 17
List the prime factors of 34456.
2, 59, 73
List the prime factors of 285.
3, 5, 19
List the prime factors of 3498.
2, 3, 11, 53
What are the prime factors of 4208?
2, 263
List the prime factors of 5354.
2, 2677
List the prime factors of 9427.
11, 857
List the prime factors of 3426.
2, 3, 571
What are the prime factors of 9067?
9067
What are the prime factors of 2102?
2, 1051
What are the prime factors of 259?
7, 37
What are the prime factors of 159756?
2, 3, 13313
What are the prime factors of 129411?
3, 4793
List the prime factors of 63125.
5, 101
What are the prime factors of 2031?
3, 677
What are the prime factors of 63680?
2, 5, 199
What are the prime factors of 1214?
2, 607
List the prime factors of 7239.
3, 19, 127
What are the prime factors of 783?
3, 29
List the prime factors of 2942.
2, 1471
What are the prime factors of 6515?
5, 1303
What are the prime factors of 26328?
2, 3, 1097
List the prime factors of 13307.
7, 1901
List the prime factors of 9339.
3, 11, 283
What are the prime factors of 11262?
2, 3, 1877
List the prime factors of 17073.
3, 7, 271
What are the prime factors of 39074?
2, 7, 2791
What are the prime factors of 5564?
2, 13, 107
List the prime factors of 44500.
2, 5, 89
What are the prime factors of 280?
2, 5, 7
List the prime factors of 38829.
3, 7, 43
List the prime factors of 1230.
2, 3, 5, 41
What are the prime factors of 1235?
5, 13, 19
List the prime factors of 1531.
1531
What are the prime factors of 2378?
2, 29, 41
What are the prime factors of 21648?
2, 3, 11, 41
What are the prime factors of 11163?
3, 61
List the prime factors of 720.
2, 3, 5
List the prime factors of 2863.
7, 409
List the prime factors of 60073.
13, 4621
What are the prime factors of 6549?
3, 37, 59
What are the prime factors of 9132?
2, 3, 761
List the prime factors of 1041.
3, 347
What are the prime factors of 623?
7, 89
What are the prime factors of 12552?
2, 3, 523
List the prime factors of 104886.
2, 3, 5827
List the prime factors of 739.
739
What are the prime factors of 27125?
5, 7, 31
List the prime factors of 279.
3, 31
What are the prime factors of 8215?
5, 31, 53
List the prime factors of 61489.
17, 3617
What are the prime factors of 409?
409
List the prime factors of 5059.
5059
What are the prime factors of 1024?
2
List the prime factors of 2522.
2, 13, 97
List the prime factors of 2935.
5, 587
What are the prime factors of 385?
5, 7, 11
List the prime factors of 20332.
2, 13, 17, 23
List the prime factors of 3306.
2, 3, 19, 29
What are the prime factors of 2463?
3, 821
List the prime factors of 41884.
2, 37, 283
List the prime factors of 12929.
7, 1847
What are the prime factors of 73?
73
List the prime factors of 124503.
3, 47, 883
What are the prime factors of 1106?
2, 7, 79
List the prime factors of 2835.
3, 5, 7
List the prime factors of 40130.
2, 5, 4013
List the prime factors of 21.
3, 7
List the prime factors of 2295.
3, 5, 17
What are the prime factors of 2495?
5, 499
What are the prime factors of 9950?
2, 5, 199
List the prime factors of 5400.
2, 3, 5
List the prime factors of 30544.
2, 23, 83
What are the prime factors of 60690?
2, 3, 5, 7, 17
What are the prime factors of 85534?
2, 42767
List the prime factors of 21950.
2, 5, 439
What are the prime factors of 1542?
2, 3, 257
What are the prime factors of 3212?
2, 11, 73
What are the prime factors of 274?
2, 137
List the prime factors of 1525.
5, 61
List the prime factors of 59547.
3, 23, 863
List the prime factors of 17268.
2, 3, 1439
List the prime factors of 28871.
28871
What are the prime factors of 48205?
5, 31, 311
What are the prime factors of 22993?
22993
List the prime factors of 1528.
2, 191
What are the prime factors of 11871?
3, 1319
List the prime factors of 232.
2, 29
What are the prime factors of 5793?
3, 1931
List the prime factors of 856.
2, 107
What are the prime factors of 17922?
2, 3, 29, 103
List the prime factors of 9163.
7, 11, 17
What are the prime factors of 1028?
2, 257
What are the prime factors of 857?
857
List the prime factors of 5856.
2, 3, 61
List the prime factors of 903.
3, 7, 43
List the prime factors of 6705.
3, 5, 149
What are the prime factors of 52919?
52919
What are the prime factors of 1409?
1409
List the prime factors of 139653.
3, 59, 263
What are the prime factors of 1883?
7, 269
What are the prime factors of 105171?
3, 11, 3187
List the prime factors of 680.
2, 5, 17
List the prime factors of 14824.
2, 17, 109
What are the prime factors of 11806?
2, 5903
What are the prime factors of 11176?
2, 11, 127
List the prime factors of 48503.
7, 13, 41
What are the prime factors of 801?
3, 89
What are the prime factors of 4561?
4561
List the prime factors of 185.
5, 37
What are the prime factors of 804?
2, 3, 67
List the prime factors of 1562.
2, 11, 71
List the prime factors of 2389.
2389
What are the prime factors of 2173?
41, 53
What are the prime factors of 12469?
37, 337
List the prime factors of 4887.
3, 181
What are the prime factors of 17135?
5, 23, 149
List the prime factors of 3671.
3671
List the prime factors of 19745.
5, 11, 359
What are the prime factors of 10528?
2, 7, 47
List the prime factors of 47600.
2, 5, 7, 17
List the prime factors of 8653.
17, 509
List the prime factors of 11800.
2, 5, 59
List the prime factors of 21500.
2, 5, 43
List the prime factors of 29293.
11, 2663
What are the prime factors of 1539?
3, 19
What are the prime factors of 7132?
2, 1783
What are the prime factors of 35230?
2, 5, 13, 271
List the prime factors of 80047.
11, 19, 383
List the prime factors of 672.
2, 3, 7
List the prime factors of 25917.
3, 53, 163
List the prime factors of 12920.
2, 5, 17, 19
What are the prime factors of 20808?
2, 3, 17
List the prime factors of 74.
2, 37
What are the prime factors of 1568?
2, 7
What are the prime factors of 2510?
2, 5, 251
List the prime factors of 252.
2, 3, 7
What are the prime factors of 93796?
2, 131, 179
What are the prime factors of 460?
2, 5, 23
List the prime factors of 793.
13, 61
List the prime factors of 116